+ 3912*l - 138137. Calculate p(35).
8
Let y(w) = -w**2 - 6463*w + 32288. Give y(5).
-52
Let o(r) = r**3 + 995*r**2 - 1320*r - 322693. Give o(-996).
11
Let s(c) = -2*c**3 + 122*c**2 + 764*c + 80. Determine s(-6).
320
Let b(m) = m**2 - 59*m - 21577. Give b(179).
-97
Let y(z) = -z**3 - 108*z**2 - 107*z - 373. Give y(-107).
-373
Let m(f) = -10*f**3 - 430*f**2 - 5*f - 75. What is m(-43)?
140
Let r(l) = -2*l**3 - 160*l**2 + 73*l + 51754. Determine r(-76).
-2
Let z(d) = 4*d**3 - 217*d**2 + 2757*d + 766. What is z(21)?
10
Let z(g) = 11*g**2 + 368*g - 2798. Give z(8).
850
Let i(r) = -2*r**3 + 235*r**2 + 299*r + 6869. Give i(119).
-33
Let m(z) = -4*z**3 + 258*z**2 - 589*z - 1919. What is m(62)?
3
Let o(f) = -10*f**2 + 121*f + 13. Calculate o(-4).
-631
Let x(h) = -3341*h + 30924. What is x(9)?
855
Let o(a) = 3*a**3 - 62*a**2 - 30*a - 132. Determine o(21).
-321
Let g(y) = -y**3 + 8*y**2 + 18*y + 87. Determine g(-5).
322
Let v(m) = -4*m**2 - 1060*m - 14060. What is v(-251)?
-4
Let u(t) = 584*t + 16508. Give u(-28).
156
Let c(y) = 15*y**2 - 40*y - 278. What is c(-10)?
1622
Let r(j) = 22*j**2 + 880*j - 878. Determine r(-41).
24
Let d(q) = -7*q**2 + 1343*q - 1153. Give d(191).
-7
Let x(g) = 21*g**3 + 1950*g**2 - 91*g + 17480. What is x(-93)?
-4
Let m(o) = o**2 + 6063*o - 176696. What is m(29)?
-28
Let k(b) = b**2 - 850659*b + 3402613. Determine k(4).
-7
Let b(o) = -631*o**2 - 25239*o - 28. What is b(-40)?
-68
Let i(u) = -11*u**3 - 76*u**2 + 356*u + 21. What is i(-10)?
-139
Let j(b) = 15*b**3 - 13*b**2 + 29*b + 44. Give j(-3).
-565
Let p(q) = -75*q - 1292. What is p(-25)?
583
Let o(r) = -61875*r - 4888115. What is o(-79)?
10
Let m(r) = -3*r**2 - 2123*r + 25377. Give m(12).
-531
Let m(k) = -497*k**2 + 138164*k + 511. Calculate m(278).
-45
Let o(r) = -61538*r + 430794. Give o(7).
28
Let n(q) = -380*q - 148182. Calculate n(-390).
18
Let z(n) = -7640*n - 221333. Determine z(-29).
227
Let v(a) = 1374*a**3 - 13*a**2 + 154*a - 143. What is v(1)?
1372
Let f(n) = -n**2 + 2728*n - 160080. Calculate f(60).
0
Let g(t) = -719*t + 2730. Give g(3).
573
Let z(u) = 41469*u - 1866114. Give z(45).
-9
Let m(f) = 756*f**2 - 138346*f - 367. Give m(183).
-1
Let n(c) = c**3 - 4*c**2 - 47*c + 19. Give n(-9).
-611
Let y(u) = 36*u**2 + 1011*u + 135. Calculate y(-28).
51
Let t(a) = -2213*a + 81917. Give t(37).
36
Let j(m) = -m**3 - 8*m**2 + 1592*m - 323. Determine j(36).
-35
Let a(o) = 65*o**3 + 22*o**2 + 50*o + 11. Determine a(-2).
-521
Let u(x) = 19*x**3 + 2*x**2 + 1927*x + 3851. Give u(-2).
-147
Let u(a) = a**2 + 89*a + 256. What is u(-12)?
-668
Let x(v) = 28*v**2 + 10872*v + 1614. Calculate x(-388).
-1490
Let h(y) = -y**2 + 23*y + 1400. Calculate h(30).
1190
Let j(o) = 90*o**2 + 1115*o - 31. Calculate j(-12).
-451
Let f(o) = 29473*o - 2357835. Give f(80).
5
Let l(k) = 3*k**3 - 52*k**2 - 3435*k + 63279. What is l(19)?
-181
Let c(m) = 38*m**2 - 1711*m + 3276. Give c(2).
6
Let n(g) = -15*g**3 + 440*g**2 - 160*g + 511. Give n(29).
76
Let k(p) = -15*p**2 - 1301*p + 481. Give k(-88).
-1191
Let g(m) = m**3 - 33*m**2 + 400*m - 8082. Calculate g(29).
154
Let o(p) = -p**3 + 15*p**2 + 281*p + 591. Calculate o(-9).
6
Let c(d) = -4*d**3 - 982*d**2 + 494*d + 218. Determine c(-246).
-274
Let z(k) = 5*k**3 + 2*k**2 + 127*k + 779. What is z(0)?
779
Let s(q) = -3*q**2 + 24*q + 337. Determine s(18).
-203
Let w(p) = -p**3 + 1207*p**2 + 76003*p - 1017. Determine w(-60).
3
Let x(f) = -2*f**2 - 626*f + 18367. Give x(-340).
7
Let x(p) = -82*p - 213. Give x(8).
-869
Let z(a) = 50*a**2 - 2*a + 89. Give z(5).
1329
Let l(s) = -6947*s + 5550643. What is l(799)?
-10
Let g(b) = -5*b**3 - 192*b**2 - 1284*b - 689. Determine g(-30).
31
Let s(n) = -76*n**2 - 1437*n + 230. Give s(-19).
97
Let t(a) = -a**2 + 87404*a + 786722. What is t(-9)?
5
Let r(t) = t**2 + 85*t - 8099. What is r(-142)?
-5
Let u(f) = 156204*f + 100. Determine u(0).
100
Let w(t) = -t**3 - 15*t**2 + 126*t + 983. What is w(-7)?
-291
Let k(x) = -x**3 - 28*x**2 - 247*x - 265. Give k(-13).
411
Let w(k) = 1379*k - 30. Calculate w(0).
-30
Let b(a) = -910*a + 5505. Determine b(6).
45
Let c(l) = -187*l**3 - 26740*l**2 + 141*l - 414. Calculate c(-143).
-128
Let i(d) = 26310*d - 973432. Determine i(37).
38
Let q(j) = 53946*j + 970949. Give q(-18).
-79
Let j(n) = 2*n**3 + 17*n**2 + 31*n + 348. What is j(-9)?
-12
Let h(y) = -y**3 + 9*y**2 - 8139*y + 4. Calculate h(0).
4
Let o(n) = n**3 - 32*n**2 + 35*n + 362. What is o(22)?
-3708
Let s(f) = -3666*f - 7241. Determine s(-2).
91
Let f(o) = 2*o**2 + 225*o - 384. What is f(-114)?
-42
Let n(a) = -3*a**3 - 14*a**2 + 688*a + 12. Determine n(13).
-1
Let s(h) = 2*h**3 - 22*h**2 - 6007*h - 40289. What is s(-7)?
-4
Let g(j) = -5193*j + 4319. Determine g(1).
-874
Let h(p) = 8*p**3 - 127*p**2 + 168*p - 751. Give h(15).
194
Let c(x) = -2*x**3 + 2*x**2 + 5*x - 61. What is c(9)?
-1312
Let q(x) = x**3 + 5*x**2 - 34*x + 1109. What is q(-12)?
509
Let w(m) = 42*m**2 + 20*m - 311. What is w(-3)?
7
Let b(u) = -170*u**2 + 811*u + 306. Determine b(5).
111
Let r(y) = -y**2 - 4907*y + 88636. What is r(18)?
-14
Let s(i) = -1307*i - 96805. Calculate s(-74).
-87
Let i(z) = z**2 + 720*z + 107932. Determine i(-212).
236
Let o(j) = -j**3 - 181*j**2 - 2472*j + 2984. Give o(-166).
-4
Let q(d) = d**2 + 525*d + 48822. Determine q(-120).
222
Let j(o) = -841*o + 744289. Determine j(885).
4
Let b(c) = -2837*c**2 + 100*c + 101. Give b(-1).
-2836
Let l(t) = t**2 + 2362*t - 57280. Give l(24).
-16
Let h(s) = 8428*s - 8419. Give h(1).
9
Let r(z) = -2742*z + 276941. Calculate r(101).
-1
Let x(j) = 5*j**3 - 130195*j**2 + 6. Give x(0).
6
Let b(r) = 25*r**2 + 199*r - 33. Determine b(-10).
477
Let l(d) = 138975*d**2 - 833845*d - 23. Give l(6).
7
Let k(j) = j**3 + j**2 + 513*j - 2125. Calculate k(4).
7
Let v(z) = -z**3 + 31*z**2 + 116*z - 86. Determine v(-5).
234
Let i(j) = -j**2 + 7982*j - 119654. Determine i(15).
-149
Let v(a) = 94*a**2 - 1758*a + 6168. Calculate v(14).
-20
Let i(a) = 855*a + 6907. Determine i(-8).
67
Let l(z) = -19424*z + 38754. Give l(2).
-94
Let s(i) = 289*i**2 + 7918*i + 23748. What is s(-3)?
2595
Let z(j) = 2*j**2 + 22*j - 220. Determine z(-31).
1020
Let m(c) = -3*c**2 - 858*c + 154127. Give m(-411).
2
Let d(m) = 3*m**2 - 22*m + 14. Give d(-11).
619
Let y(a) = -735*a + 10930. Determine y(14).
640
Let s(x) = -285*x**3 - 1713*x**2 - 10*x - 37. What is s(-6)?
-85
Let f(j) = 3*j**3 - 48*j**2 + 177*j - 188. What is f(3)?
-8
Let u(q) = 493*q + 2650. Calculate u(-3).
1171
Let t(y) = -y**3 + 115*y**2 - 360*y + 2700. Calculate t(112).
12
Let p(w) = w**2 + 79*w - 9947. What is p(69)?
265
Let y(q) = -123*q**3 + 4*q**2 + 495*q - 498. Give y(1).
-122
Let v(p) = -p**3 + 28*p**2 + 909*p + 262. Give v(-19).
-42
Let j(i) = 412707*i + 2063647. Calculate j(-5).
112
Let x(u) = -1003*u - 3756. Determine x(-4).
256
Let c(q) = -2*q**3 - 145*q**2 + 5742*q + 418621. What is c(-72)?
13
Let f(y) = 75*y**2 + 13123*y - 188. Give f(-175).
162
Let t(m) = m**2 + 1190*m + 104934. Determine t(-96).
-90
Let n(x) = x**2 - 209921*x - 3149023. Calculate n(-15).
17
Let t(g) = 10946*g - 22639. Determine t(2).
-747
Let k(h) = -1824*h - 516188. What is k(-283)?
4
Let f(r) = -6*r**3 - 37*r**2 + 125*r + 685. What is f(-6)?
-101
Let t(j) = 4*j**3 - 88*j**2 + 916*j - 17720. What is t(21)?
-248
Let w(d) = -18*d**2 - 1653*d - 18277. Calculate w(-11).
-2272
Let u(i) = -27*i**3 - 26*i - 5004. Give u(0).
-5004
Let s(q) = -q**3 - 4877*q**2 + 671487*q - 1741. Determine s(134).
1
Let n(d) = d**3 - 30*d**2 + 94*d - 174. Determine n(28).
890
Let d(h) = 40*h**2 - 280*h + 377. Calculate d(5).
-23
Let y(l) = -3*l**2 + 16*l + 508. Determine y(7).
473
Let s(k) = 10*k**2 - 67*k + 149. Calculate s(10).
479
Let w(g) = -3509*g + 31766. Calculate w(9).
185
Let g(b) = -620*b + 55897. Determine g(90).
97
Let q(n) = 4*n**3 + 44*n**2 - 89*n + 115. Determine q(-13).
-80
Let v(z) = -55*z + 5487. Determine v(102).
-123
Let o(u) = u**3 + 28*u**2 + 12*u - 18. Calculate o(-27).
387
Let h(y) = y**3 - 96*y**2 + 2052*y - 130. Calculate h(32).
-2
Let y(o) = -101600*o - 812767. Calculate y(-8).
33
Let w(i) = 1972*i + 625108. What is w(-317)?
-16
Let x(m) = 2*m**2 - 882*m - 7122. Calculate x(449).
62
Let p(d) = -d**2 + 452*d - 16039. Determine p(39).
68
Let v(z) = 8*z**3 + 1345*z**2 + 178*z + 1757. Give v(-168).
77
